etermine v(2).
-127
Let a(j) = 29*j**2 - 10. Calculate a(-2).
106
Let n(u) = 5*u + 188. What is n(-41)?
-17
Let p(r) = -62*r**2 + 5*r + 6. Calculate p(-1).
-61
Let r(n) = -n**3 - 7*n**2 - 19*n - 139. Give r(-7).
-6
Let n(i) = 17*i + 163. Calculate n(-11).
-24
Let i(k) = 39*k - 502. Calculate i(13).
5
Let o(g) = -3*g**2 - 55*g - 56. What is o(-18)?
-38
Let o(v) = -112*v + 4067. Give o(36).
35
Let v(s) = 6*s**2 - 38*s + 75. What is v(4)?
19
Let n(j) = -j**3 + 19*j**2 - 26*j - 92. Determine n(17).
44
Let y(s) = 20*s**3 - 123*s**2 + 13*s + 7. Calculate y(6).
-23
Let g(v) = 189*v - 7346. Calculate g(39).
25
Let i(k) = -k**3 + 33*k**2 - 218*k + 57. What is i(24)?
9
Let l(i) = -5*i - 71. What is l(25)?
-196
Let r(i) = -412*i + 7832. What is r(19)?
4
Let m(n) = n**2 - 189*n + 3220. Give m(170).
-10
Let y(k) = k**2 + 61*k + 282. Calculate y(-5).
2
Let x(c) = 893*c + 1788. What is x(-2)?
2
Let z(y) = 703*y + 6325. Calculate z(-9).
-2
Let r(x) = 3*x**2 - 11*x + 70. Calculate r(17).
750
Let w(y) = -50*y + 597. Calculate w(14).
-103
Let m(y) = 10*y - 209. Calculate m(18).
-29
Let k(d) = -5*d + 135. What is k(-1)?
140
Let p(d) = d**2 + 37*d + 274. Determine p(-27).
4
Let y(v) = -v**3 - v**2 + 27*v - 13. Give y(4).
15
Let c(t) = -t**2 - 6*t + 8. Calculate c(-8).
-8
Let m(u) = -u**3 - 19*u**2 + 13*u + 46. What is m(-19)?
-201
Let v(p) = 122*p**2 - 488*p - 7. Determine v(4).
-7
Let m(a) = -4*a**2 + 20*a + 2560. What is m(28)?
-16
Let f(z) = -50*z**2 - 893*z + 144. Determine f(-18).
18
Let r(b) = -b**3 + 27*b**2 - 334*b + 7101. Calculate r(25).
1
Let g(v) = 29*v**2 + 2762*v + 678. What is g(-95)?
13
Let a(b) = -60*b - 427. Give a(-8).
53
Let n(s) = -2*s**3 + 23*s**2 + 6*s + 17. What is n(11)?
204
Let g(z) = z**3 + 77*z**2 - 240*z - 36. What is g(-80)?
-36
Let y(d) = 2*d**2 + 318*d + 7944. Calculate y(-31).
8
Let u(b) = -5*b**3 + 32*b**2 - 12*b + 42. Calculate u(6).
42
Let r(f) = -f**3 - 227*f + 1. What is r(0)?
1
Let t(b) = -212*b - 2764. Give t(-13).
-8
Let a(x) = x**2 + 10*x + 37. What is a(-4)?
13
Let p(o) = -886*o - 105440. Calculate p(-119).
-6
Let k(v) = -30*v - 405. Give k(-25).
345
Let f(z) = 17*z**3 + 2*z**2 - 26*z - 68. Give f(-2).
-144
Let m(o) = 51*o - 5734. Give m(111).
-73
Let p(n) = -43*n + 18. What is p(11)?
-455
Let b(w) = -w**3 - w**2 + 143. Determine b(0).
143
Let d(s) = -s**2 - 17*s + 2353. What is d(-57)?
73
Let j(l) = 33*l**2 - 52*l - 4. Calculate j(2).
24
Let l(m) = -m**2 + 76*m + 402. Give l(-5).
-3
Let v(g) = g**2 - 422*g - 4514. Determine v(-11).
249
Let o(q) = q**3 + 163*q**2 + 303*q - 3074. Calculate o(-161).
-15
Let k(q) = -q**3 + 29*q**2 - 64*q + 60. Determine k(27).
-210
Let m(q) = q**2 - 41*q - 1229. Determine m(-20).
-9
Let o(w) = -590*w + 34799. What is o(59)?
-11
Let r(m) = -m**3 + 7*m**2 + 7*m - 30. Give r(7).
19
Let i(w) = -2*w**2 + 87*w - 202. Give i(40).
78
Let p(o) = o**2 - 71*o + 507. What is p(62)?
-51
Let i(s) = -s**3 + 43*s**2 - 456*s + 4. Determine i(24).
4
Let s(p) = -3*p**2 - 112*p - 1037. Give s(-20).
3
Let l(m) = 2*m**2 - 430*m - 4986. What is l(-11)?
-14
Let d(n) = -7733*n. Calculate d(0).
0
Let z(d) = 65*d**2 + 1824*d + 125. Give z(-28).
13
Let i(h) = 74*h - 3684. Give i(50).
16
Let b(w) = -3*w**2 + 12*w + 297. Give b(12).
9
Let d(v) = -22*v - 168. What is d(-2)?
-124
Let x(h) = h**3 - 19*h**2 + h + 14. What is x(19)?
33
Let t(q) = 19*q - 546. Calculate t(28).
-14
Let v(b) = -b**3 + 35*b**2 + 1503*b - 144. Determine v(60).
36
Let h(o) = 3*o**2 - 108*o - 7. Calculate h(36).
-7
Let w(c) = 603*c - 3023. What is w(5)?
-8
Let c(n) = 3*n**2 - 22*n - 281. Calculate c(14).
-1
Let v(n) = 14*n**3 - 3*n**2 - 2*n + 3. What is v(1)?
12
Let z(l) = -73*l + 768. What is z(10)?
38
Let s(w) = 26*w - 860. Give s(43).
258
Let w(p) = -p**2 - 24*p - 112. Determine w(-13).
31
Let t(i) = 13*i**3 + 3*i**2 - 8*i + 6. Give t(1).
14
Let p(v) = -1146*v + 25219. What is p(22)?
7
Let p(f) = -3*f**2 + 470*f - 1396. Give p(3).
-13
Let j(u) = 6*u**2 + 620*u - 3712. What is j(-109)?
-6
Let q(a) = a**2 + 402*a + 5803. Determine q(-15).
-2
Let b(n) = 2*n**2 + 281*n + 146. Determine b(-140).
6
Let j(g) = -2*g**2 + 125*g + 18760. Determine j(133).
7
Let v(j) = j**3 + 24*j**2 + 124*j - 26. Calculate v(-9).
73
Let m(a) = -80*a - 7932. Determine m(-99).
-12
Let w(m) = -2*m**3 + 514*m + 18. Calculate w(16).
50
Let q(j) = -2499*j + 15018. Give q(6).
24
Let p(h) = -750*h + 3679. What is p(5)?
-71
Let j(z) = 46*z**2 + 2*z - 63. Give j(0).
-63
Let c(n) = -58*n + 513. Determine c(9).
-9
Let g(l) = 69*l**2 - 3242*l - 45. Determine g(47).
2
Let q(g) = 83*g + 4128. Calculate q(-50).
-22
Let o(h) = -2*h**3 - 57*h**2 - 31*h - 83. Determine o(-28).
1
Let i(r) = -37*r + 265. Determine i(13).
-216
Let l(x) = -x**2 - 126*x + 2668. Calculate l(17).
237
Let d(m) = 44*m + 1113. Determine d(-24).
57
Let t(d) = 50*d**3 - 10*d**2 + 18*d - 4. Give t(2).
392
Let x(u) = -u**3 - 53*u**2 - 42*u + 544. What is x(-52)?
24
Let q(u) = 16*u**2 - 320*u + 7. What is q(20)?
7
Let s(a) = -21*a**2 - 1071*a - 71. Give s(-51).
-71
Let k(h) = 4176*h + 12514. Determine k(-3).
-14
Let g(y) = -y**2 + 6*y + 427. Determine g(24).
-5
Let l(a) = -a**3 - 17*a**2 - 138*a - 1344. Calculate l(-14).
0
Let z(y) = -y**2 + 26*y - 97. Calculate z(17).
56
Let t(g) = 121*g - 1802. Give t(15).
13
Let t(y) = -y**3 - 22*y**2 + 23*y - 395. Calculate t(-23).
-395
Let c(q) = -515*q**2 - 7*q + 7. Give c(1).
-515
Let n(h) = -409*h + 4868. Determine n(12).
-40
Let z(q) = q**2 - 34*q - 437. Calculate z(44).
3
Let k(a) = 13*a**3 - a**2 + 11*a + 22. What is k(-3)?
-371
Let c(q) = 95*q + 4017. Give c(-43).
-68
Let v(s) = -537*s + 40. Determine v(-1).
577
Let u(r) = -r**3 + 10*r**2 - 19*r + 62. Give u(12).
-454
Let q(m) = -724*m + 18826. Calculate q(26).
2
Let y(h) = -h**3 - 14*h**2 - 261*h - 3339. Determine y(-13).
-115
Let k(q) = -3886*q - 7769. What is k(-2)?
3
Let p(a) = 124*a - 9375. Determine p(75).
-75
Let i(h) = h**3 + 14*h**2 + 26*h + 174. What is i(-13)?
5
Let l(q) = -q**2 + 36*q + 3. Calculate l(19).
326
Let c(q) = 9*q**2 + 7*q - 95. Determine c(-9).
571
Let d(s) = -18*s**2 - s + 1. Determine d(-2).
-69
Let r(a) = a**3 + 36*a**2 - 41*a - 135. Calculate r(-37).
13
Let y(x) = -82*x - 854. Calculate y(-11).
48
Let c(w) = -4*w**2 - 251*w + 252. Calculate c(1).
-3
Let r(n) = 175*n - 33950. Give r(194).
0
Let y(x) = 46*x**3 + 4*x**2 + 7*x + 12. Give y(-2).
-354
Let h(j) = 42*j**2 + 157*j - 31. Determine h(-4).
13
Let d(s) = 3*s**3 - 30*s**2 + 26*s + 31. Determine d(9).
22
Let f(t) = 2*t - 15. Determine f(59).
103
Let w(x) = -x**2 - 151*x + 4198. Calculate w(24).
-2
Let q(c) = 70*c - 2393. Give q(35).
57
Let m(a) = -10*a**2 + 62*a - 129. Give m(2).
-45
Let p(v) = -v**3 + 15*v**2 - 5*v + 4360. Give p(23).
13
Let l(m) = 6*m**2 - 165*m + 428. Give l(3).
-13
Let k(v) = -12*v**2 - 415*v + 16. What is k(-34)?
254
Let n(v) = 188*v - 1052. Determine n(6).
76
Let z(b) = 5*b**2 + 15*b - 40. Determine z(8).
400
Let u(w) = 127*w**2 + 3*w - 1. What is u(1)?
129
Let d(r) = -r**2 + 32*r + 91. Give d(34).
23
Let w(g) = 29*g + 369. Give w(-15).
-66
Let h(l) = -12*l**2 - 475*l - 43. Calculate h(-38).
679
Let q(z) = -z**3 + 4*z**2 + 54*z - 117. Calculate q(2).
-1
Let w(g) = 2*g**3 - 219*g**2 - 62*g - 5283. Determine w(110).
-3
Let q(z) = -2*z**2 - 44*z + 55. Give q(-23).
9
Let q(w) = -2*w**3 + 14*w**2 - w + 114. Determine q(8).
-22
Let m(x) = -x**2 + 613*x + 4960. Give m(-8).
-8
Let c(q) = 2*q**3 - 22*q**2 + 11*q + 265. What is c(8)?
-31
Let f(x) = x**3 + 84*x**2 + 160*x - 326. Give f(-82).
2
Let r(s) = s**3 - 39*s**2 + 44*s - 93. What is r(38)?
135
Let x(u) = u - 113. Calculate x(17).
-96
Let z(d) = -21*d - 27. What is z(-6)?
99
Let a(j) = j**3 - 30*j**2 + 425*j - 2505. What is a(12)?
3
Let t(w) = 41*w + 7. Calculate t(1).
48
Let f(j) = 3*j**2 - 186*j + 1908. Calculate f(49).
-3
Let g(s) = 255*s + 1253. Calculate g(-5).
-22
Let k(w) = w**2 + 2*w - 27. What is k(-10)?
53
Let s(c) = 59*c - 2. What is s(-3)?
-179
Let g(p) = -943*p - 7543. What is g(-8)?
1
Let h(l) = -158*l - 683. Determine h(-3).
-209
Let m(v) = -153*v - 2126. Determine m(-14).
16
Let d(m) = 22*m - 190. Determine d(12).
74
Let m(i) = i**3 + 25*i**2 + 34*i - 211. Calculate m(-23).
65
Let n(t) = -20*t + 945. Calculate n(48).
-15
Let k(q) = 2*q**2 + 56*q + 416. Determin